*r - 4. Calculate the remainder when b is divided by d(-5).
9
Suppose -241 = -4*i - i + 3*q, -192 = -4*i + 2*q. Calculate the remainder when i is divided by 12.
11
Let l = 31 - 11. What is the remainder when 77 is divided by l?
17
Suppose 0 = 3*w - w - 18. Suppose 2*y + w = 5*y. Suppose b = 4*b - 27. Calculate the remainder when b is divided by y.
0
Suppose 2*m - 45 = -m. Let l(z) = 4*z**2 + 7*z + 7. What is the remainder when l(-4) is divided by m?
13
Let n = 31 - -18. Let o = 20 + -7. Calculate the remainder when n is divided by o.
10
Suppose 3*v - 5*y = 4*v - 86, 0 = -5*v - 3*y + 342. What is the remainder when 260 is divided by v?
62
Suppose -6 - 42 = -4*x. Let i = 3 - 2. What is the remainder when (2 + -1)/(i/35) is divided by x?
11
Let m(c) = -2*c - 11. Calculate the remainder when 12 is divided by m(-8).
2
Let v(m) = m**2 - 2*m + 2. Let b be v(2). Suppose 4*q = -b*x + 4, -5*q - 3*x + 27 = -6*x. Suppose 2*s = q + 1. What is the remainder when 5 is divided by s?
1
Let h = 75 - 49. Let p = 8 - 5. Suppose 240 = p*o + 6*z - 3*z, 2*o + z = 156. Calculate the remainder when o is divided by h.
24
Let g = 68 - 33. Calculate the remainder when g is divided by 4.
3
Calculate the remainder when -13*(-4 + (-4 - 0)) is divided by 21.
20
Let f(d) = -d + 39. What is the remainder when 51 is divided by f(12)?
24
What is the remainder when 136 is divided by (-2)/5 + (-2464)/(-35)?
66
Let v be 2889/(-72) + (-2)/(-16). Let a = v - -68. Calculate the remainder when a is divided by 10.
8
What is the remainder when 32 is divided by 11*(-1)/(-4)*2*2?
10
Suppose b = 3*i + 16, 0 = -5*b + 2*i + 2 + 26. Suppose -b*c = -94 + 34. What is the remainder when c is divided by 4?
3
Let f(q) = -3*q**3 - 4*q - 2. Let p be f(-3). Suppose -4*x - p = -295. What is the remainder when x is divided by 26?
25
Suppose 3*m - 44 = -b, 4*m - 3*b + 0*b = 63. Let t(p) = p**3 - 15*p**2 + 14. What is the remainder when t(m) is divided by 5?
4
Suppose 0 = -5*d - 0*d + 10. Suppose -5*b = -g - 0*g + 43, -d*g + 4*b = -80. Calculate the remainder when g is divided by 20.
18
Let k = -10 - -47. Let o = 6 + 4. What is the remainder when k is divided by o?
7
Suppose 2 = -r + 17. Suppose -4*k - 124 = -4*f, f - 1 = 2*k + 33. Suppose -z = -2*z + f. Calculate the remainder when z is divided by r.
13
Suppose 20 + 38 = q. Calculate the remainder when q is divided by (-19 + (2 - 3))*-1.
18
Let r = -27 + 33. Calculate the remainder when r is divided by 4.
2
Suppose 84 = -p + 4*p. Suppose -3*i + 2*i = -p. What is the remainder when i is divided by 10?
8
Suppose 0 = -12*v + 6*v + 234. What is the remainder when v is divided by 14?
11
Suppose 4*p = 2*x, -2*p = -x - 4*p. Suppose x*w + 28 = w. What is the remainder when 81 is divided by w?
25
Let j be ((-14)/(-21))/((-1)/(-3)). Suppose -2*b = -j*n + 16, -5*n + 3*b = -26 - 8. What is the remainder when 17 is divided by n?
2
Suppose h = 0, 0*j + 5*j - 3*h - 15 = 0. Let s(y) = y**2 - 3. What is the remainder when -17*(-2)/(-4)*-2 is divided by s(j)?
5
Let b = 39 + -9. Calculate the remainder when 116 is divided by b.
26
What is the remainder when 88/(-4)*1*-1 is divided by 12?
10
Suppose 0 = 2*p + u - 9, p - 4*p = -5*u - 46. Calculate the remainder when 46 is divided by p.
4
Suppose -y = y - 186. Calculate the remainder when y is divided by 24.
21
Suppose -7*t = -6*t - 18. What is the remainder when 69 is divided by t?
15
Calculate the remainder when (-2)/(-18) + (-1536)/(-27) is divided by 21.
15
Let h = -5 + 9. Suppose 2*a + a - 12 = 5*z, -h*a + 4*z = -24. What is the remainder when 17 is divided by a?
8
Let a(q) = -q**2 + 13*q - 15. Calculate the remainder when a(10) is divided by 9.
6
Let p(l) = l - 1. Suppose -5*y + 30 = -0*y. Let g be p(y). Suppose z + 5*c = 28, g*z + 4*c - 51 = 2*z. Calculate the remainder when 37 is divided by z.
11
Suppose -21*h + 18*h = -39. Calculate the remainder when 89 is divided by h.
11
Let d(u) = u - 2. Calculate the remainder when 11 is divided by d(6).
3
Let p = 5 + -3. Suppose 3*v = 13 - 1. Calculate the remainder when v is divided by p.
0
What is the remainder when 12 is divided by -25*(8/10 - 1)?
2
Suppose -4*l - 2*u - u + 25 = 0, 2*l - u = 25. Calculate the remainder when 49 is divided by l.
9
Let o = 11 + -16. Calculate the remainder when 7 is divided by 2 - 1 - o/5.
1
Let s(u) = 9*u + 3. Let c be s(7). Suppose 3*y + 18 = c. Calculate the remainder when y is divided by 6.
4
Let x(o) = -o**2 + 6*o + 4. Let v be x(5). Let n = v - 10. Calculate the remainder when 20 is divided by 7*(0 + n + 2).
6
Let d = -4 + 7. Suppose d*o - 142 = 5*b, o = 3*o + 5*b - 78. What is the remainder when o is divided by 23?
21
Suppose 0 = 2*m - 30 + 20. What is the remainder when 12 is divided by m?
2
Let r(z) = -2*z - 2. Let l be r(-2). Suppose 0*c + c + 7 = l*j, -j - 19 = 4*c. Calculate the remainder when 1 is divided by j.
0
Let a be 42 + 3 + 2 + -5. Suppose y = 4*y - a. Calculate the remainder when 40 is divided by y.
12
Let q(a) = -27*a - 2. Let o(w) = -w. Suppose -3*d - 3 + 2 = k, 0 = 5*k - d - 11. Let u be o(k). Calculate the remainder when q(u) is divided by 18.
16
Let p be 59 + (-5)/(5/2). Let n be (4/6)/(2/p). Suppose -l - l + 5*o + n = 0, 0 = -4*o + 20. What is the remainder when l is divided by 12?
10
Let l = 40 - 24. Let n(j) be the first derivative of 23*j**4/2 + j**3/3 - j - 1. Calculate the remainder when n(1) is divided by l.
14
Let w = -64 - -151. Let g = w + -1. Suppose -5*c - g = -7*c. What is the remainder when c is divided by 15?
13
Let a = 130 + -110. Calculate the remainder when 39 is divided by a.
19
Let m = -2 + 4. Suppose 0 = -3*l + 2*g - 2, g = -2*l + 5*g - 12. Suppose -3 = -l*u + 3. What is the remainder when u is divided by m?
1
Suppose 4 = 4*v - 16. Suppose -v*x + 7 - 22 = 0. Calculate the remainder when (2*x)/(-3) + 3 is divided by 3.
2
Let g(d) = d - 2. Let u be g(8). Suppose -v - 1 = -u*v + m, -21 = -v - 5*m. What is the remainder when v is divided by 1?
0
Let v(n) = n**3 - 2*n**2 - 4*n + 2. Let p be v(3). Let d = 37 + -27. Let j = d - p. What is the remainder when 32 is divided by j?
10
Let n(w) = 7*w - 5 - 17*w + 3*w. What is the remainder when n(-5) is divided by 8?
6
Let m be 3/9 + 5/3. Calculate the remainder when 59 is divided by 9 - ((-5)/1 + m).
11
Let t = -16 - -30. Let d(u) = -26*u - 15. Let z be d(-7). Suppose z - 32 = 5*o. Calculate the remainder when o is divided by t.
13
Suppose 10 = o + 2*g, -8*o + 4*o + g + 58 = 0. Calculate the remainder when 27 is divided by o.
13
Let s(c) = c**3 - 9*c**2 + c - 5. Let j = -5 - -14. Calculate the remainder when 10 is divided by s(j).
2
Suppose 2*f = 5 + 1. Calculate the remainder when 21 + -6 + f + 0 is divided by 5.
3
Let j(w) = -28*w**2 + 1. Let v be j(1). Let x = -17 - v. What is the remainder when 38 is divided by x?
8
Let m be (-24)/(-14) + (-4)/(-14). Suppose 24 = -2*k + 8*k. Suppose k*s - 22 = m. Calculate the remainder when 16 is divided by s.
4
What is the remainder when 20/25*14*5 is divided by 15?
11
Suppose 0 = 9*h - 11*h + 46. What is the remainder when 67 is divided by h?
21
Let p(l) = l + 10. Let m be p(-7). Suppose 5*v - q + 2*q - 159 = 0, 73 = m*v - 5*q. What is the remainder when v is divided by 11?
9
Calculate the remainder when (23/4)/(5/40) is divided by 16.
14
Let p = 7 - 7. Suppose p = 2*r + 3*r - 100. Calculate the remainder when 79 is divided by r.
19
Suppose -3*h + 3*x = -3, -5*h - 4*x + 10 + 31 = 0. Let q = -37 - -43. Suppose -2*u - q = -h*u. What is the remainder when 5 is divided by u?
1
Let s = -20 + 34. Suppose -2*h - 2*m = -s, 23 = -0*h + h + 5*m. Calculate the remainder when 3 is divided by h.
0
Calculate the remainder when (-9)/(27/(-6)) - -24 is divided by 14.
12
Let g(b) = 5*b**2 - 5*b - 1. Let a be g(4). Suppose -9 = 5*u - a. Calculate the remainder when 18 is divided by u.
8
Suppose 5 - 77 = -4*j. Calculate the remainder when j is divided by 10.
8
Let r(n) = 11*n - 2. Suppose -4*a + 8*a = 8. What is the remainder when r(a) is divided by (0 + 1)/((-1)/(-11))?
9
Let a = 8 - 6. Suppose -3*n + a = -52. Calculate the remainder when 34 is divided by n.
16
Let x(p) = -8*p + 8. Let q be x(-8). Suppose 0*z = 4*z - q. What is the remainder when 35 is divided by z?
17
Let m = -13 - -24. Let l = m - -4. What is the remainder when 43